2). What is the greatest common factor of n and 1?
1
Let i be 2 - (-3 + 2) - -7. Let x be ((-6)/i)/((-8)/440). Calculate the greatest common divisor of x and 11.
11
Let x be (-2)/5 - (-174)/10. Suppose 6 = 2*z - 2, -5*v = 3*z - x. Let f(n) = n**3 - 2*n**2 - 31. Let h be f(4). What is the highest common divisor of h and v?
1
Let h(j) = 2*j**2 - 82*j + 515. Let u be h(7). Calculate the greatest common factor of 1586 and u.
13
Let b(t) = 10*t**2 + 3*t - 2. Let x be b(1). Let y = 53 + 24. Calculate the greatest common divisor of y and x.
11
Let b(v) = 6*v + 2. Let x be b(-1). Let p be (24/2)/x - -49*1. What is the highest common factor of 322 and p?
46
Suppose 460 = 17*i - 900. Calculate the highest common factor of i and 40.
40
Let o(a) = 13*a - 112. Let k be o(9). What is the highest common divisor of 65 and k?
5
Let a = -11 - -16. Suppose a*s - 214 = 3*h + 667, -2*s + 360 = -5*h. Calculate the greatest common factor of 35 and s.
35
Suppose -2*s + 5*l = -70, 5*s - 3*l - 241 = -7*l. Let v be (54/s)/(3/480*1). What is the greatest common factor of v and 12?
12
Let r(p) = p**3 + 17*p**2 - p + 21. Let t be r(-17). Calculate the greatest common factor of 38 and t.
38
Let p = -44 - -224. Calculate the highest common factor of 36 and p.
36
Suppose 1868 = 5*c - 2. Calculate the highest common factor of c and 34.
34
Suppose 0*t - t + 3*l + 14 = 0, -2*t + 3*l + 31 = 0. Let c(u) = 59*u. Let p be c(-2). Let r be 1*(p + -1)*-1. Calculate the greatest common divisor of r and t.
17
Let w(q) be the third derivative of 2*q**5/15 + q**4/4 - 5*q**3/6 - 2*q**2. Let n be w(5). Let z = -123 + n. Calculate the highest common factor of z and 34.
34
Let w be (-78)/(-1 - 3 - -3). Let a = -66 + w. What is the highest common divisor of a and 4?
4
Let x(l) = -l**2 - 4*l - 4. Let p be x(-2). Suppose 0 = -5*b + 140 - p. What is the greatest common divisor of b and 112?
28
Let u = 83 - 27. Suppose 3*s - 97 = -4*a, 0*s = 2*s - 2*a - 60. Let m = -17 + s. What is the greatest common factor of u and m?
14
Let z = 168 - 169. Let n(d) = -2*d - 5. Let l be n(-4). Let i be z/((-21)/6 + l). Calculate the highest common divisor of 8 and i.
2
Let m(c) = c**3 - 14*c**2 - 17*c + 46. Suppose 15 = 30*l - 29*l. Let s be m(l). Calculate the highest common factor of s and 80.
16
Let f = 227 + -101. Let o(c) = 5*c**2 - 4*c + 2. Let l be o(2). What is the highest common factor of l and f?
14
Let h be ((-4)/(-3))/(7/21). Suppose h*n + 3*y + 35 - 442 = 0, 3*y = -9. Calculate the greatest common factor of 13 and n.
13
Let z = -142 - -90. Let y be (-980)/z + 1 + 22/(-26). Calculate the highest common divisor of y and 19.
19
Let x(g) = g**2 + 9*g + 12. Let c be x(-12). Let u = c + 36. Calculate the highest common factor of 12 and u.
12
Let p be 8/6*12/8. Let w be 4/(-3)*(-3)/(-2). Let v = w - -8. What is the highest common factor of p and v?
2
Let f be 429 + 0/(8 + -4). Calculate the greatest common factor of f and 33.
33
Let n be (200/(-24) - -8)/((-1)/90). Calculate the highest common divisor of 435 and n.
15
Suppose -5*s - 48 = -21*s. What is the highest common factor of s and 93?
3
Suppose -b + 38 = -5*t - 16, -3*b + 5*t = -162. Let f = 82 - b. Calculate the greatest common factor of 56 and f.
28
Suppose 7*g = 1636 + 884. Calculate the highest common divisor of g and 50.
10
Suppose -15*q + 2412 = -3*q. Calculate the highest common factor of 3 and q.
3
Suppose -3*m - 2*v + 13 = -3*v, 0 = -3*m + 4*v - 2. Suppose 2*r + 5 - 3 = 0, -r = -5*f + m. Calculate the greatest common divisor of f and 5.
1
Let g(x) = -563*x + 3. Let p be g(3). Let i(k) = k**3 + 2*k - 2. Let j be i(-3). Let c be p/(-10) - (-21)/j. Calculate the greatest common factor of c and 24.
24
Let m(j) = -j**2 - 10*j. Let p be m(-13). Let z = p + 40. What is the greatest common factor of z and 1?
1
Suppose y - 3*u - 20 = u, -u = -2. Let h = 30 - y. Suppose 5*z - 102 = 4*w, 5*z = 4*z + h*w + 24. Calculate the greatest common factor of z and 18.
18
Suppose -104 - 61 = -3*v. Let h(t) = -t**3 + 27*t**2 + 29*t - 53. Let n be h(28). Let i = n + 36. Calculate the highest common factor of v and i.
11
Suppose 3*t - 8*t = -w + 108, -3*t + 680 = 5*w. What is the greatest common factor of w and 304?
19
Suppose 2*k + 3*i = -2, 0 = 2*k - 4*k - i + 2. Suppose -64 = -2*s - k*n, -s + n + 64 = s. Calculate the highest common divisor of s and 4.
4
Let j = 9 + 34. Suppose n = j - 13. What is the greatest common divisor of n and 6?
6
Suppose 2*f = 8 + 2. Suppose -x = -3*b + 69, 3*b - 2*b - 12 = 4*x. Suppose b + 26 = f*d. What is the highest common divisor of 2 and d?
2
Let a be (-15 + -32 - (-4)/2)*-1. What is the highest common divisor of 225 and a?
45
Suppose 0 = 11*r - 12*r + 53. Let t = 102 - r. Calculate the highest common divisor of t and 7.
7
Let r be 2/6 + 5375/75. What is the highest common divisor of r and 2232?
72
Suppose -3*i + 36 = -36. Let r = -187 - -130. Let m = i - r. What is the highest common factor of m and 9?
9
Suppose -y - 2*y + 57 = 0. Let t = y - 10. What is the greatest common divisor of t and 18?
9
Let r(w) be the first derivative of 2*w**2 + 9. Let v be r(9). Suppose 0 = h - 5*h + v. What is the greatest common divisor of 99 and h?
9
Suppose -19*a + 1130 = -10. Calculate the greatest common factor of 84 and a.
12
Let y = 183 - -177. Let i be -2*(-20)/6*6. What is the highest common factor of y and i?
40
Suppose 2*l + 109 = g, 330 = 3*g - l - 4*l. Calculate the greatest common divisor of 161 and g.
23
Suppose -239 = -2*l + 5*i, 3*l - 4*i = i + 351. Let p(z) = -z**3 + 5*z**2 + 38*z - 4. Let x be p(9). Calculate the highest common factor of x and l.
14
Let c = 71 - 41. Suppose 0 = -4*n + 122 + 58. What is the greatest common factor of n and c?
15
Suppose -3*r + 8 = -2*i - 2*i, -r = 5*i - 28. Suppose -13*u + r*u = -330. Calculate the highest common divisor of u and 6.
6
Let i be 8 + 6*(-2)/(-6). Suppose 0 = -i*s + 9*s + 37. Suppose -91 = -2*k + s. Calculate the greatest common factor of k and 16.
16
Let q = -11 + 2. Let t be (-3)/18*-2*q. Let n be (-395)/t + (-8)/(-24). What is the greatest common factor of 12 and n?
12
Let t(r) = r**3 + 13*r**2 + 12*r + 2. Let d be t(-12). Let v(b) = 13*b**3 + b**2 + 4*b - 5. Let k be v(d). What is the greatest common factor of 37 and k?
37
Let w(m) = m**2 + m - 2. Let x be w(-3). Suppose 0 = -4*s - x*d + 164, 0 = 3*s - 2*d - 40 - 63. Calculate the greatest common divisor of s and 74.
37
Let t be (0 - 0) + 174*14/4. What is the greatest common divisor of 42 and t?
21
Suppose 4*i = -4*n + 24, i - 5*n + 14 = 2*i. Suppose 3*c - 8 = -5*q, -i*q = c - 8 - 4. Let h be 45/(c/4 + 2). Calculate the highest common divisor of 18 and h.
9
Let g = 1115 + -1090. What is the greatest common divisor of 45 and g?
5
Let w(c) = -11 + c + 4 - 1. Let u be w(8). Suppose -5*i + 3*v = -0*v - 81, -i - 4*v + 30 = u. Calculate the highest common factor of 27 and i.
9
Let x(s) = 64*s**3 + s**2 - s. Let z be x(1). What is the greatest common divisor of 352 and z?
32
Suppose n = -n - 2. Let m(l) = 166*l - 5. Let g(p) = 166*p - 4. Let y(j) = -6*g(j) + 5*m(j). Let k be y(n). What is the highest common divisor of k and 15?
15
Let n be (-2)/1 + 2 + 42. Suppose 1170*b - 39 = 1168*b + h, b + 5*h = 3. What is the greatest common factor of b and n?
6
Suppose -3*t + 546 = 10*t. Suppose -x + 39 = -t. Let y = -9 + 18. What is the greatest common factor of x and y?
9
Let s(f) = 2*f**2 - 3*f + 11. Let h be s(3). What is the highest common divisor of h and 160?
20
Suppose -70*p - 164 = -2*r - 68*p, -2*r + 4*p + 174 = 0. What is the highest common factor of r and 140?
7
Suppose 8 = f + 4*n - 9*n, 5*n = -f + 18. What is the highest common divisor of 3 and f?
1
Let r = 456 - 404. Calculate the greatest common divisor of r and 884.
52
Suppose 37296 = -22*y + 59*y. Calculate the greatest common factor of y and 24.
24
Suppose -4 = 3*v - 22. Let l(f) = f**2 - v*f - 4*f**2 + f**3 + 1 + 7*f**2. Let d be l(-5). Calculate the highest common divisor of d and 9.
3
Let f(i) = -57*i - 78. Let c be f(-3). What is the greatest common factor of c and 372?
93
Suppose -12*h - 51 = -a - 8*h, 0 = 3*a + 2*h - 153. Calculate the greatest common factor of a and 272.
17
Let u be (-346)/(-3) - (2/6)/1. Suppose -13 = -3*j - 1. Suppose -p = 2*h - 8, -j*p - p + 5*h = -u. 